CREATE TABLE PILOTE(
  PLNUM NUMBER(4) PRIMARY KEY,
  PLNOM VARCHAR2(15) NOT NULL,
  PLPRENOM VARCHAR2(15) NOT NULL,
  VILLE VARCHAR2(15) NULL,
  SALAIRE NUMBER(7,2) NULL);

CREATE TABLE AVION(
  AVNUM NUMBER(4) PRIMARY KEY,
  AVNOM VARCHAR2(8) NOT NULL,
  CAPACITE NUMBER(4) NULL,
  LOCALISATION VARCHAR2(9) NULL);

CREATE TABLE VOL(
  VOLNUM NUMBER(3) PRIMARY KEY,
  PLNUM NUMBER(4) NOT NULL,
  AVNUM NUMBER(4) NOT NULL,
  VILLEDEP VARCHAR2(15) NOT NULL,
  VILLEARR VARCHAR2(15) NOT NULL,
  HEUREDEP DATE NOT NULL,
  HEUREARR DATE NOT NULL,
  FOREIGN KEY (PLNUM) REFERENCES PILOTE(PLNUM),
  FOREIGN KEY (AVNUM) REFERENCES AVION(AVNUM));

INSERT INTO PILOTE VALUES (1,'MIRANDA','SERGE','PARIS',26000.00);
INSERT INTO PILOTE VALUES (2,'LETHANH','NAHN','TOULOUSE',21000.00);
INSERT INTO PILOTE VALUES (3,'TALADOIRE','GILLES','NICE',NULL);
INSERT INTO PILOTE VALUES (4,'CHARBONNIER','ANNETTE','PARIS',17000.00);
INSERT INTO PILOTE VALUES (5,'REY','CHRISTOPHE','TOULOUSE',NULL);
INSERT INTO PILOTE VALUES (6,'CHARBONNIER','FABIEN','PARIS',18000.00);
INSERT INTO PILOTE VALUES (7,'PENAULD','PIERRE','NICE',17000.00);
INSERT INTO PILOTE VALUES (8,'FOUILHOUX','PIERRE','LYON',15000.00);
INSERT INTO PILOTE VALUES (9,'GANNAT','CHRISTOPHE',NULL,18000.00);
INSERT INTO PILOTE VALUES (10,'GADAIX','SONIA','PARIS',26000.00);

INSERT INTO AVION VALUES (1,'A300',300,'NICE');
INSERT INTO AVION VALUES (2,'A310',300,'NICE');
INSERT INTO AVION VALUES (3,'B707',250,'PARIS');
INSERT INTO AVION VALUES (4,'A300',280,'LYON');
INSERT INTO AVION VALUES (5,'CONCORDE',160,'NICE');
INSERT INTO AVION VALUES (6,'B747',460,'PARIS');
INSERT INTO AVION VALUES (7,'B707',250,'PARIS');
INSERT INTO AVION VALUES (8,'A310',300,'TOULOUSE');
INSERT INTO AVION VALUES (9,'MERCURE',180,'LYON');
INSERT INTO AVION VALUES (10,'CONCORDE',160,'PARIS');

INSERT INTO VOL VALUES (100,1,1,'NICE','TOULOUSE',TO_DATE('1100','HH24:MI'),TO_DATE('1230','HH24:MI'));
INSERT INTO VOL VALUES (101,1,8,'PARIS','TOULOUSE',TO_DATE('1700','HH24:MI'),TO_DATE('1830','HH24:MI'));
INSERT INTO VOL VALUES (102,2,1,'TOULOUSE','LYON',TO_DATE('1400','HH24:MI'),TO_DATE('1600','HH24:MI'));
INSERT INTO VOL VALUES (103,5,3,'TOULOUSE','LYON',TO_DATE('1800','HH24:MI'),TO_DATE('2000','HH24:MI'));
INSERT INTO VOL VALUES (104,9,1,'PARIS','NICE',TO_DATE('0645','HH24:MI'),TO_DATE('0815','HH24:MI'));
INSERT INTO VOL VALUES (105,10,2,'LYON','NICE',TO_DATE('1100','HH24:MI'),TO_DATE('1200','HH24:MI'));
INSERT INTO VOL VALUES (106,1,4,'PARIS','LYON',TO_DATE('0800','HH24:MI'),TO_DATE('0900','HH24:MI'));
INSERT INTO VOL VALUES (107,8,4,'NICE','PARIS',TO_DATE('0715','HH24:MI'),TO_DATE('0845','HH24:MI'));
INSERT INTO VOL VALUES (108,1,8,'NANTES','LYON',TO_DATE('0900','HH24:MI'),TO_DATE('1530','HH24:MI'));
INSERT INTO VOL VALUES (109,8,2,'NICE','PARIS',TO_DATE('1215','HH24:MI'),TO_DATE('1345','HH24:MI'));
INSERT INTO VOL VALUES (110,9,2,'PARIS','LYON',TO_DATE('1500','HH24:MI'),TO_DATE('1600','HH24:MI'));
INSERT INTO VOL VALUES (111,1,2,'LYON','NANTES',TO_DATE('1630','HH24:MI'),TO_DATE('2000','HH24:MI'));
INSERT INTO VOL VALUES (112,4,5,'NICE','LENS',TO_DATE('1100','HH24:MI'),TO_DATE('1400','HH24:MI'));
INSERT INTO VOL VALUES (113,3,5,'LENS','PARIS',TO_DATE('1500','HH24:MI'),TO_DATE('1600','HH24:MI'));
INSERT INTO VOL VALUES (114,9,9,'PARIS','TOULOUSE',TO_DATE('1700','HH24:MI'),TO_DATE('1800','HH24:MI'));
INSERT INTO VOL VALUES (115,7,5,'PARIS','TOULOUSE',TO_DATE('1800','HH24:MI'),TO_DATE('1900','HH24:MI'));

COMMIT;

SELECT *
FROM PILOTE;

SELECT *
FROM AVION;

SELECT VOLNUM, PLNUM, AVNUM, VILLEDEP, VILLEARR, TO_CHAR(HEUREDEP,'HH24:MI') HEUREDEP, TO_CHAR(HEUREARR,'HH24:MI') HEUREARR
FROM VOL;
